What is the units digit of (q/2 + 2)*(-64 + 6)?
2
Suppose 3*b - 233 - 339 = -4*k, -3*b = 5*k - 574. Let y = b - 132. What is the units digit of y?
6
Let y = -5 - -1. Let z(j) = -8*j + 17. What is the units digit of z(y)?
9
Suppose -5123 = -5*l - 1008. What is the tens digit of l?
2
Let t be (11 + -8)*10/3. Suppose 3*w + 12 = 3*f, -4*f + t = 5*w - 15. What is the units digit of w*-2 - 22/(-2)?
9
Let c = 2100 - 734. What is the units digit of c?
6
Let s(j) = -j**2 + 4*j + 14. Let k be 580/100 - (-1)/5. Let b be s(k). Suppose -b*q = 5*z - 64, q = 5*z + 4*q - 66. What is the units digit of z?
2
Let n be 3/(-4) + 62/8. Let o(y) = 2*y + 0*y**3 - 7*y**2 + 0*y**2 + y**3 - 3. What is the units digit of o(n)?
1
Let g(y) = -12*y - 23. Let d(o) = -6*o - 11. Let h(c) = -7*d(c) + 3*g(c). What is the tens digit of h(4)?
3
Let u be (6 - 3)*6/9. Suppose u*m + 2 - 10 = 0, -4*m = -5*z - 31. What is the units digit of ((-2)/z)/((-12)/(-108))?
6
Suppose -373 = -5*o - d, -2*d - 3*d - 355 = -5*o. What is the tens digit of o?
7
Let h(k) = 4*k**2 - 6*k - 19. What is the hundreds digit of h(-6)?
1
Suppose 8*w = 32 + 8. Suppose 3*x + w*h = 4*x - 110, 4*x + h - 398 = 0. What is the hundreds digit of x?
1
Suppose 13*g = 12*g + 1317. What is the hundreds digit of g?
3
Let r(j) be the first derivative of 13*j**4/2 - 2*j**3/3 - j - 12. What is the units digit of r(1)?
3
Let y(o) = -2*o + 2*o - 5*o + 2*o + 2. Let g be y(-10). Suppose -10 = -2*x + t - 2, 2*t - g = -4*x. What is the units digit of x?
6
Suppose 0 = -a - 3*z + 46, 5*a - 13*z - 173 = -9*z. Let m = -1 - -1. Suppose m = g + 13 - a. What is the tens digit of g?
2
Let i = -93 + 114. Suppose 0 = -c - r + 32, 2*r + 153 = 5*c - i. What is the tens digit of c?
3
Let c(o) = 182*o - 541. What is the tens digit of c(21)?
8
Suppose 56 = 14*x - 140. What is the tens digit of x?
1
Suppose 0 = -2*v - 2*v + 16. What is the units digit of (v/(-5))/((-6)/75)?
0
Suppose -2*d + 5*m - 7 = 0, 3*d + 3*m - 7*m = 0. Suppose 0 = -0*h - d*h + 416. What is the tens digit of h?
0
Let c be 5 - (-1 + (-1)/(-1)). Suppose 238 - 88 = c*u. Suppose -4*y - u = -7*y. What is the units digit of y?
0
Let s(w) = -w - 5. Let b(q) = q + 9. Let d(t) = 4*b(t) + 7*s(t). Suppose 0 = 14*g - 16*g - 16. What is the units digit of d(g)?
5
Let u = 824 + -283. What is the hundreds digit of u?
5
Suppose -5*n = -0*n - 55. Suppose -12*b + n*b = -69. What is the tens digit of b?
6
Suppose 0 = 5*l - 815 - 1075. What is the hundreds digit of l?
3
Let k = 1330 - -1064. What is the tens digit of k?
9
Let n be 271 + (-25)/(-5) + 1. What is the units digit of (-6)/(-3) - (-5 - n - -4)?
0
Suppose -4*i + 7*i + 198 = 0. Let s be (-2)/(-6) - 1008/27. Let h = s - i. What is the units digit of h?
9
Let i(h) = 19*h**2 - 6*h + 35. Let o(d) = 7*d**2 - 2*d + 12. Let m(z) = -6*i(z) + 17*o(z). Suppose 7*c - 4*c - 9 = 0. What is the tens digit of m(c)?
4
Suppose -2 + 17 = 3*q. Suppose 3*c - 9 = -5*v, -3*v = v - 3*c - 18. Suppose q + 19 = v*r. What is the units digit of r?
8
Let v be 2 - (5 - 4)*1. Let z be (6/v + -3)*11. Suppose 4 + z = b. What is the units digit of b?
7
Let n(k) = 9*k + 29. Let l be n(-4). Let a(s) = -3*s**3 + 6*s - s**3 - 6*s**2 + 4 + 0*s**3 + 3*s**3. What is the tens digit of a(l)?
1
Let y = -132 + 122. What is the tens digit of ((-134)/(-5))/((-2)/y)?
3
What is the units digit of 2/(7/35*(-5)/(-20))?
0
Let g(x) = x**3 - 2*x**2 - x + 2. Let m be g(-2). What is the units digit of 3 - 1030/(-8) - 3/m?
2
Let b = -263 - -445. Suppose 0*y + 4*q = 5*y - 462, 3*q = 2*y - b. What is the units digit of y?
4
Let t(z) = -3*z**2 + 2*z - 3. Let d be t(4). Let w = d + 49. What is the units digit of w?
6
Let z be (2/6)/((-11)/(-495)). Let c = 20 + z. What is the tens digit of c?
3
Let v(l) = 5*l**3 - 5*l**2 + 3*l - 16. What is the units digit of v(4)?
6
Let y(k) = 25*k**2 - 44*k + 31. What is the hundreds digit of y(-7)?
5
Suppose 50*t = 23*t + 10125. What is the tens digit of t?
7
Let s = -75 + 87. Let m(l) = l**3 - 12*l**2 + 4*l - 13. What is the units digit of m(s)?
5
Let s be (-58)/6*(1 - -2). Suppose -3*t + 176 = -7*t. Let y = s - t. What is the units digit of y?
5
Let y(n) = n - 13*n + 0 + n - 9. What is the tens digit of y(-4)?
3
Let j = -103 + 1894. What is the hundreds digit of j?
7
Suppose 7*z - 24 = 4*z. Suppose -56 = -z*c + 6*c. What is the tens digit of c?
2
Let l(z) = z**2 + 2*z. Let q be l(-3). Suppose -8 = -4*k, q*p - 6 = 4*p - k. What is the tens digit of 53*(-7 + 4 - p)?
5
Suppose -3*b = h + 11, 0*h - 27 = -3*h + 3*b. Suppose 140 = 4*u + 5*w, -2*u + u + 35 = h*w. What is the units digit of u?
5
Let r(o) = -49*o + 147. What is the units digit of r(-26)?
1
Suppose -325*i = -309*i - 46320. What is the tens digit of i?
9
Let w(f) = -f**2 - f - 5. Suppose -7*o = -4*o. Let b be w(o). Let r(q) = q**2 + 4*q + 2. What is the units digit of r(b)?
7
Suppose 3*k - 2*k = -3*y + 10, 0 = -y - 3*k - 2. Suppose -4 - 8 = -y*g. What is the tens digit of -1 + (48 - 1 - g)?
4
What is the units digit of (822/(-24))/(7/(-28))?
7
Let x(f) be the third derivative of f**6/120 - f**5/5 + f**4/24 + 5*f**3/3 + 10*f**2. What is the units digit of x(12)?
2
Let l = 350 + -248. What is the units digit of (-20)/(-15)*l/4?
4
Let v(b) = b**3 + 2*b**2 + 188. Let o be v(0). Suppose -2*g + 2*l = -358, 0*l + 4*l + o = g. What is the hundreds digit of g?
1
Let l be (-4)/(-8) + 5/2. Suppose l*j - 4 = 2*w, -3 = 2*w + 4*j + 1. What is the units digit of (-8)/(-10)*(-85)/w?
4
Let d = 19 + -34. Let h be (-3)/9*d + -3. Suppose -h*f = 3*q - 93, f + 4*f - q - 190 = 0. What is the units digit of f?
9
Let u(n) be the second derivative of n**5/20 + 17*n**4/12 - 13*n**3/3 - 13*n**2 + 21*n. What is the units digit of u(-18)?
8
Suppose l - 2*l + 33 = -4*n, -5*n = 4*l + 57. What is the tens digit of 4/18 + (-277)/n?
3
Suppose 0 = y + 4 - 13. Let r = 12 - y. Suppose i = -5*v - 1, -r*i - 8 + 45 = -5*v. What is the units digit of i?
9
What is the hundreds digit of ((-11334)/(-18) - -14) + (-4)/(-3)?
6
Let t = -62 + 146. Suppose 0*g - t = -3*g + 3*z, -3*g = -z - 88. Suppose -p = -37 - g. What is the tens digit of p?
6
Let v be (3 + (-129)/15)*15/(-6). What is the hundreds digit of ((-945)/v)/(1/(-2))?
1
What is the units digit of 12/2 + 7 + 244?
7
Let s be (7 + -1 + -4)*(2 + 0). Suppose -3*b + s = -101. What is the units digit of b?
5
Let i(l) = -42*l - 77. What is the hundreds digit of i(-18)?
6
Suppose 85 = -3*n - 2*n. Let d = n + 14. What is the tens digit of (4 + d)*23 + -1?
2
Suppose 10*q - 2 = 9*q. Let n = q - -105. What is the units digit of n?
7
Let o(f) = f**2 + 6*f - 14. Let g be o(-8). What is the tens digit of g + 1 + 0 - (-480)/5?
9
Suppose -3*d + 1 = y - 2, 4*y + 2*d - 12 = 0. Let z(l) = l**2 + 18*l + 15. Let f be z(-20). Suppose -f + y = -2*j. What is the tens digit of j?
2
Let q = 18 - 15. Let l(x) = -7*x - 6. Let h(p) = -13*p - 11. Let c(j) = -3*h(j) + 5*l(j). What is the units digit of c(q)?
5
Let q be (2 + 10)/4 - 1 - -384. Suppose -2*z = 5*k - q, -5*z = -2*k + 3*k - 1011. What is the tens digit of z?
0
Suppose 8*w - 3*w + 7 = -3*q, -3*q - 4*w = 11. Let f be (q/3)/((-12)/(-16)). Let o = f + 10. What is the units digit of o?
6
Let t(b) = -2*b + 3*b + 11 - 22 - 1. Let k be t(15). Suppose k*m - 98 = -5. What is the tens digit of m?
3
Let q = 1136 - 260. Suppose -4*z - q = -8*z. What is the tens digit of z?
1
Let o = 7 - 5. Let i(b) be the first derivative of 2*b**3 - b**2/2 + b + 3. What is the units digit of i(o)?
3
Suppose -6*w + 2 = -6064. What is the units digit of w?
1
What is the thousands digit of 2*2/(-18) - 312256/(-126)?
2
Suppose -26*r = -16*r - 16520. What is the tens digit of r?
5
Let x(m) = -m**2 + 5*m + 2. Let l(z) = -z. Let s(o) = -4*l(o) + x(o). Let p be (14/8)/(4 - 60/16). What is the tens digit of s(p)?
1
Let w(u) = u**3 + 29*u**2 + 2*u - 23. What is the units digit of w(-16)?
3
Suppose -5*x + f = 4*f + 35, -2*x - 3*f - 14 = 0. Let q(p) = -12*p - 15. What is the units digit of q(x)?
9
Let g(t) = -t**3 - 43*t**2 + 108*t - 40. What is the units digit of g(-46)?
0
Suppose -3 = 5*a + 6*i - 2*i, 4*i = a - 9. Suppose a - 5 = -w, -13 = 5*x - 2*w. What is the units digit of (x + (-4 - -6))*35?
5
Let n(d) = -d**3 - 2*d**2 + d + 137. Suppose 0 = 3*i - 2*p + 2, -6*p = -3*p - 3. What is the tens d